rmine m(o).
-6
Let a(y) = -y**2 - 2*y + 1. Let z = -2112 - -2108. What is a(z)?
-7
Let a = 80 + -76. Suppose -a = i - m + 3, -4*i + m = 25. Let r(c) = 2*c**2 + 11*c - 1. Let b be r(i). Let u(t) = t - 1. Calculate u(b).
4
Let h be 3/(-3) + 6 + -2. Suppose -h*k + 18 = 3*i, 3*i + 0*k - 2 = k. Let x(f) = 0*f**2 - 41 - f**i - 5*f + 34. Give x(-5).
-7
Let o(v) = 1 + v - 4 + 0 + 0. Suppose -138*z + 69 + 759 = 0. Give o(z).
3
Let n(i) = -i + 6. Let k be n(6). Suppose 65*c - 60*c - 50 = k. Suppose 0 = -2*d + c - 2. Let x(j) = j - 3. What is x(d)?
1
Let y(h) = h**2 + 7*h. Suppose 5*c + 1012 = -3*b, b - 2*c + 303 + 27 = 0. Let a = b - -328. Give y(a).
-6
Let z(a) = a**2 - 31*a - 19. Let f = -5342 + 5374. Give z(f).
13
Let l = -11563 + 11567. Let m(c) = c**2 + 16*c - 74. Calculate m(l).
6
Let s(y) = -77*y + 10 - 11 + 68*y. Let i be (-20)/16 - (-1)/4. Calculate s(i).
8
Let i(w) be the second derivative of 0 - 7/2*w**2 - 7*w - 1/6*w**3. Suppose -35 = n - 29. What is i(n)?
-1
Let k = -35 + -423. Let h = 464 + k. Let m(v) = 3*v + 7. Determine m(h).
25
Suppose -3*k - 8 = -2*k. Let z be ((-4)/k)/((-2)/(-4)). Let l(q) be the third derivative of -q**4/8 + q**3/6 - 96*q**2. Give l(z).
-2
Let b(x) = -2*x + 76461 - x**2 - x**3 - 9*x**2 - 76475 - 4*x. Calculate b(-7).
-119
Let m(l) = 7*l - 28. Let c be m(4). Let v(o) = -13*o + 59. Let u(h) = 3*h - 14. Let q(n) = 9*u(n) + 2*v(n). Calculate q(c).
-8
Let g(p) be the third derivative of -p**5/12 + p**4/12 - p**3/3 + 4*p**2 + 2*p. Let m(h) be the first derivative of g(h). What is m(-2)?
22
Suppose 22 = -2*o - 5*y + 27, 4*o - 2 = -2*y. Let b(a) = 28 - 6 - a - 8 + 26. What is b(o)?
40
Let b(a) = a - 62. Let s be b(-31). Let z = s - -98. Let o(d) = -d**3 + 6*d**2 - 5*d - 2. Determine o(z).
-2
Let l(b) be the second derivative of -b**4/12 - 8*b**3/3 - 35*b**2/2 - 470*b + 2. Suppose 0 = y + 1 + 13. Calculate l(y).
-7
Let o(r) = r + 2. Let y(x) be the second derivative of -x**4/12 + 5*x**3/3 - x**2 - 11*x. Let k be y(8). Let g = k - 16. Calculate o(g).
0
Let l(x) be the first derivative of 2*x**3/3 + 3*x**2/2 + x - 8. Let u(q) = 5*q**2 + 5*q + 1. Let n = -41 + 48. Let w(d) = n*l(d) - 3*u(d). What is w(5)?
9
Suppose 236 + 44 = -7*g. Let m = g + 76. Suppose -m*k + 39*k = 0. Let f(z) = -z + 5. What is f(k)?
5
Let n = -9 + 16. Let r(a) = -15*a + 185. Let v be r(8). Let h(d) = -9*d + 3*d + 70 + 5*d - v. Give h(n).
-2
Let i(a) = 3*a - 4. Suppose 108 = -3*g + g. Let r be 806/14 - 24/42. Let p = r + g. Determine i(p).
5
Let n(x) = -2*x + 10. Suppose -29*l + 48 = -68. Determine n(l).
2
Let o(n) be the second derivative of -n**5/20 - 7*n**4/6 - 13*n**3/6 - 4*n**2 - n + 44. Calculate o(-13).
-8
Let z(r) = 4*r**2 - 19*r + 82. Let x(a) = 11*a**2 - 58*a + 248. Let t(p) = -3*x(p) + 8*z(p). Calculate t(6).
8
Let g(b) = -53*b - 43*b - 75*b + 173*b - 12. What is g(6)?
0
Let t(a) = -208 + 13*a**2 + 4*a + a**3 + 9*a + 218. What is t(-12)?
-2
Let b(u) be the first derivative of -u**2 + 22*u - 204. Calculate b(8).
6
Let t(a) = 10*a**2 + 88*a - 10. Let z be t(-9). Let s(h) = -2*h**2 + 7*h + 19. What is s(z)?
-53
Let r(m) be the second derivative of m**4/12 + 7*m**3/2 - 13*m**2/2 - 4343*m. Determine r(-22).
9
Let t(j) = j + 3. Let p(v) = v**3 + v**2 - 5*v - 14. Let h(r) = -2*p(r) - 9*t(r). Suppose 5*a - 4*a + 2 = 0. Give h(a).
7
Let h = 196 + -154. Let z be -2 - -8 - (h + -39). Let r(x) be the third derivative of x**5/60 + x**4/24 - x**3/2 - x**2. Calculate r(z).
9
Let i = -35983/4 - -8996. Let a(n) be the first derivative of i*n**4 - 1/2*n**2 + 0*n + 0*n**3 + 28. Calculate a(-1).
0
Let v(y) = 7*y**2 - 6*y + 81. Let q(c) = c**2 + 15. Let n(m) = 5*q(m) - v(m). Give n(-4).
-62
Let j(i) = 4*i**3 - 6*i**2 + 19*i - 18. Let q(n) = -3*n**3 + 7*n**2 - 18*n + 15. Let x(u) = 2*j(u) + 3*q(u). Give x(7).
-5
Let r(y) = -34*y**2 + 6*y - 13. Let h(i) = -186*i**2 + 29*i - 67. Let u(l) = 2*h(l) - 11*r(l). Give u(6).
33
Let f(n) = 41*n**2 + 4 - 37*n**2 - 41*n**2 - 4*n + 35*n**2. What is f(-3)?
-2
Let i(h) be the third derivative of -1/60*h**5 + 1/8*h**4 + 0 - 1/6*h**3 + 27*h**2 + 0*h. Let s(g) be the first derivative of i(g). Give s(5).
-7
Suppose 8*c - 21*c = 8*c. Let z(y) be the third derivative of 1/60*y**5 + 0*y + y**3 - 7/24*y**4 + c - 11*y**2. What is z(7)?
6
Let c(g) = 7*g - 4. Let n(h) = 9*h - 2. Suppose 0 = -3*p + 2 - 11. Let q(o) = p*c(o) + 2*n(o). What is q(-7)?
29
Suppose 4*l - 5*p = 13, -3*p = -4*l - 2*p + 25. Let j(b) = -35*b**2 + 18. Let r(i) = -134*i**2 - i + 70. Let o(t) = -23*j(t) + 6*r(t). What is o(l)?
13
Let n(g) = -g**3 - 7*g**2 + 17*g - 6. Let x be n(-9). Let y(f) = 10*f**3 + 21*f**3 + 4 + 4*f + 4*f**2 - 30*f**x. Determine y(-4).
-12
Let k(g) be the first derivative of g**4/4 - g**3/3 - g**2 - 15*g - 2341. What is k(3)?
-3
Suppose 428 = 9*u - 1840. Let p = -254 + u. Let l(i) = 2*i - 2. Give l(p).
-6
Let g(w) be the third derivative of 0 + 11/24*w**4 - 1/6*w**5 - 1/6*w**3 + 1/120*w**6 + 0*w + 193*w**2. Calculate g(9).
17
Let l(m) be the first derivative of m**3/3 + m**2/2 - 2*m - 4691. Suppose -w + 12 = 3*q, -2*q - 1 + 26 = -5*w. Let a = -5 + q. Give l(a).
-2
Let u(b) = 7*b**2 - 6*b - 24. Let l(c) = c**2 + c + 1. Let x(p) = 6*l(p) - u(p). Let r(z) be the first derivative of x(z). Determine r(9).
-6
Suppose 31 = 5*f + 4*q + 19, -2*q = 3*f - 6. Let t(o) = -573 + 290 + 287 + o. Calculate t(f).
4
Let i(m) = 2*m**2 - 13*m - 3. Suppose 3*c + 4*v = 23 + 2, 2*v + 12 = 2*c. Calculate i(c).
4
Let w(h) = 11*h - h - 125 + h**2 + 6*h + 193 + 0*h. Determine w(-7).
5
Let r(k) be the third derivative of 0 - 64*k**2 + 0*k - 1/12*k**4 - 5/6*k**3. What is r(-5)?
5
Let a(f) = -137 - 2*f**2 - 329 + 18*f - 133 + 583. Determine a(1).
0
Let u = 151 + -151. Suppose -4*g - 13 = -u*g - j, -6 = 3*g - 2*j. Let k(v) = 3 - 4*v + 2*v + 4*v. Determine k(g).
-5
Let n(d) be the second derivative of -d**6/360 - d**5/20 + d**4/8 - 10*d**3/3 - 47*d. Let p(i) be the second derivative of n(i). Determine p(-5).
8
Let g = 234 + -228. Suppose -g*n - 10 - 14 = 0. Let c(q) = -q - 1. Let x(z) = -z - 3. Let k(o) = 2*c(o) + x(o). What is k(n)?
7
Suppose 3*m = v + 9, 2*v - m = 172 - 185. Suppose -2*u - 3*u + 10 = 0. Let z(g) = -3 - 5*g + 3*g**2 - 4*g**u + 6. Give z(v).
-3
Let x be 1 + (13964/(-32) - (-6)/16). Let v = -440 - x. Let g(h) = 4*h + 3. Calculate g(v).
-17
Let b(a) = 3*a + 1. Suppose 5 = -2*x - 3. Let g(t) = -5*t - 1. Let l be (-2)/2*((-378)/6)/(-9). Let o(y) = l*b(y) + x*g(y). Determine o(-7).
4
Let d(c) = c + 1. Let j be d(3). Let a(q) = 4*q - 11*q + 3*q + 5*q + 2. Let n(z) = -z - 4. Let w(s) = 7*a(s) + 4*n(s). Give w(j).
10
Suppose 0 = -r + 5, -2*p + 0*r + 3*r + 129 = 0. Suppose p*g + 82 = 70*g. Let j = g - -45. Let b(y) = -y**2 + 6*y + 3. Give b(j).
11
Let c be (-8)/(8/(-2)) - -2. Suppose 0 = k + k + c*m - 4, 3*k - 11 = -m. Let h(f) = f**3 - 3*f**2 + 2*f - 4. Determine h(k).
20
Let u(s) be the second derivative of s**4/6 + 5*s**3 - 17*s**2/2 + 762*s. Determine u(-16).
15
Let u(y) = 36*y**2 - 9*y + 11. Let s be u(1). Let p(b) = -37*b - 1 + s*b - 4. Let w = 2 - 2. What is p(w)?
-5
Let l(j) = -5*j**3 - 2*j**2 + 1. Let t(c) = 6*c - 17. Let o be t(9). Let g = -34 + o. Let d be (-3 - (-6)/g)*1. Give l(d).
4
Suppose -30 = -16178*c + 16180*c. Let b(d) = 2*d**3 + 30*d**2 + 2*d + 50. Give b(c).
20
Let d(y) be the first derivative of y**4/4 + 4*y**3 + 19*y**2/2 - 15*y + 1648. What is d(-10)?
-5
Let y(u) be the first derivative of u**7/840 - u**6/90 - u**5/40 - u**4/6 - 10*u**3/3 - 34. Let d(x) be the third derivative of y(x). Give d(5).
6
Let x(p) = -7*p. Let v be (-98)/8 - (-5 - 0)/20. Let i be v/8*2/(-9)*6. What is x(i)?
-14
Suppose -b = -3, 3*k - 15 = -3*b + 75. Let a(m) = m**3 - 2 + k*m - m - 20*m - 8*m**2. Calculate a(7).
-9
Let g(j) = j**2 + 86*j + 1833. Let a be g(-40). Let t(x) = -x**2 - 25*x - 110. What is t(a)?
16
Suppose -4*o = -5*y - 35, -20 = -24*o + 23*o + 5*y. Let l(w) = w**3 - 4*w**2 - 2*w - 21. Give l(o).
-6
Let f = -5688 - -5681. Let h(k) = -k**3 - 6*k**2 + 3*k - 13. Give h(f).
15
Let k(u) = 11*u**3 + 27*u**2 + 21*u + 5. Let f(l) = -5*l**3 - 13*l**2 - 10*l - 2. Let p(y) = 9*f(y) + 4*k(y). Let v = -21329 - -21321. Calculate p(v).
-14
Suppose 37 - 13 = 4*q + 2*m, 34 = 4*q - 3*m. Suppose -q*x - 14 = -42. Let u(k) = -4*k + 3. What is u(x)?
-13
Let r = -7357 + 7368. Let o(h)